ate the remainder when 65624 is divided by 11.
9
What is the remainder when 62254 is divided by 18?
10
Calculate the remainder when 422 is divided by 133.
23
Calculate the remainder when 572 is divided by 71.
4
What is the remainder when 73077 is divided by 683?
679
What is the remainder when 239238 is divided by 143?
142
Calculate the remainder when 51187 is divided by 79.
74
What is the remainder when 41580 is divided by 50?
30
What is the remainder when 41129 is divided by 97?
1
What is the remainder when 361658 is divided by 13?
11
Calculate the remainder when 2536 is divided by 196.
184
What is the remainder when 32034 is divided by 411?
387
What is the remainder when 14778 is divided by 1847?
2
What is the remainder when 14473 is divided by 536?
1
What is the remainder when 5949 is divided by 594?
9
What is the remainder when 453804 is divided by 56724?
12
What is the remainder when 1183066 is divided by 177?
175
Calculate the remainder when 2924156 is divided by 87.
86
What is the remainder when 62793 is divided by 10457?
51
Calculate the remainder when 311 is divided by 100.
11
Calculate the remainder when 7290 is divided by 366.
336
Calculate the remainder when 4251 is divided by 546.
429
What is the remainder when 16989 is divided by 100?
89
Calculate the remainder when 157326 is divided by 46.
6
Calculate the remainder when 50808 is divided by 128.
120
What is the remainder when 44572 is divided by 349?
249
What is the remainder when 28318 is divided by 450?
418
What is the remainder when 3839 is divided by 172?
55
What is the remainder when 284942 is divided by 11?
9
Calculate the remainder when 144274 is divided by 38.
26
Calculate the remainder when 41030 is divided by 8.
6
Calculate the remainder when 60544 is divided by 1164.
16
What is the remainder when 61786 is divided by 18?
10
Calculate the remainder when 250097 is divided by 2908.
9
Calculate the remainder when 439837 is divided by 353.
352
What is the remainder when 2412 is divided by 71?
69
What is the remainder when 90024 is divided by 13?
12
What is the remainder when 31758 is divided by 6348?
18
Calculate the remainder when 11473 is divided by 20.
13
Calculate the remainder when 70828 is divided by 23537.
217
Calculate the remainder when 5249 is divided by 50.
49
Calculate the remainder when 885967 is divided by 89.
61
Calculate the remainder when 3080 is divided by 3060.
20
Calculate the remainder when 28345 is divided by 2542.
383
What is the remainder when 6203 is divided by 1548?
11
What is the remainder when 527713 is divided by 263847?
19
Calculate the remainder when 2188 is divided by 1615.
573
What is the remainder when 31300 is divided by 104?
100
Calculate the remainder when 23470 is divided by 23455.
15
Calculate the remainder when 6034 is divided by 2476.
1082
What is the remainder when 485654 is divided by 4?
2
What is the remainder when 40769 is divided by 29?
24
Calculate the remainder when 36989 is divided by 18479.
31
Calculate the remainder when 1855 is divided by 279.
181
Calculate the remainder when 4048 is divided by 104.
96
What is the remainder when 171187 is divided by 85590?
7
What is the remainder when 26223 is divided by 109?
63
What is the remainder when 36391 is divided by 6013?
313
Calculate the remainder when 5703 is divided by 1244.
727
What is the remainder when 10823 is divided by 101?
16
Calculate the remainder when 269128 is divided by 38442.
34
Calculate the remainder when 43477 is divided by 8638.
287
What is the remainder when 2030 is divided by 62?
46
What is the remainder when 7629 is divided by 2335?
624
Calculate the remainder when 1004634 is divided by 25.
9
What is the remainder when 267068 is divided by 52?
48
What is the remainder when 120484 is divided by 120437?
47
Calculate the remainder when 3474 is divided by 50.
24
Calculate the remainder when 12430 is divided by 2417.
345
What is the remainder when 900 is divided by 290?
30
What is the remainder when 13133 is divided by 329?
302
Calculate the remainder when 7657 is divided by 108.
97
Calculate the remainder when 5010 is divided by 15.
0
What is the remainder when 1705 is divided by 346?
321
What is the remainder when 116957 is divided by 40?
37
Calculate the remainder when 6756 is divided by 26.
22
What is the remainder when 82362 is divided by 133?
35
Calculate the remainder when 16687 is divided by 505.
22
Calculate the remainder when 1632 is divided by 418.
378
What is the remainder when 11074 is divided by 11?
8
What is the remainder when 38186 is divided by 635?
86
Calculate the remainder when 1303 is divided by 267.
235
Calculate the remainder when 7667 is divided by 7660.
7
What is the remainder when 2272 is divided by 749?
25
Calculate the remainder when 9955 is divided by 582.
61
Calculate the remainder when 1770 is divided by 401.
166
Calculate the remainder when 319 is divided by 144.
31
What is the remainder when 936 is divided by 647?
289
What is the remainder when 11363 is divided by 2834?
27
What is the remainder when 416 is divided by 173?
70
What is the remainder when 76301 is divided by 19?
16
What is the remainder when 302 is divided by 124?
54
Calculate the remainder when 1792 is divided by 354.
22
What is the remainder when 3580716 is divided by 203?
202
Calculate the remainder when 15739 is divided by 727.
472
Calculate the remainder when 138101 is divided by 33.
29
What is the remainder when 66371 is divided by 1543?
22
What is the remainder when 6287 is divided by 419?
2
What is the remainder when 4007 is divided by 586?
491
What is the remainder when 15563 is divided by 1727?
20
What is the remainder when 4168 is divided by 4161?
7
Calculate the remainder when 27729 is divided by 5532.
69
What is the remainder when 129945 is divided by 21?
18
What is the remainder when 5692 is divided by 437?
11
Calculate the remainder when 6154 is divided by 409.
19
What is the remainder when 8532 is divided by 15?
12
Calculate the remainder when 14292 is divided by 7116.
60
Calculate the remainder when 14404 is divided by 42.
40
Calculate the remainder when 96390 is divided by 33.
30
Calculate the remainder when 30567 is divided by 6079.
172
Calculate the remainder when 22931 is divided by 141.
89
What is the remainder when 3263 is divided by 26?
13
What is the remainder when 6368 is divided by 354?
350
What is the remainder when 37638 is divided by 9404?
22
What is the remainder when 42772 is divided by 91?
2
What is the remainder when 26573 is divided by 1771?
8
What is the remainder when 364 is divided by 160?
44
Calculate the remainder when 7322 is divided by 88.
18
What is the remainder when 5135 is divided by 323?
290
Calculate the remainder when 218329 is divided by 15.
4
What is the remainder when 16880 is divided by 30?
20
What is the remainder when 1655371 is divided by 69?
61
What is the remainder when 67303 is divided by 39?
28
Calculate the remainder when 31315 is divided by 1361.
12
Calculate the remainder when 3442 is divided by 2894.
548
What is the remainder when 61052 is divided by 35?
12
What is the remainder when 1981 is divided by 53?
20
Calculate the remainder when 2691 is divided by 100.
91
Calculate the remainder when 33903 is divided by 13.
12
What is the remainder when 87939 is divided by 342?
45
What is the remainder when 203224 is divided by 27?
22
What is the remainder when 216785 is divided by 19?
14
Calculate the remainder when 15657 is divided by 447.
12
What is the remainder when 30686 is divided by 18?
14
Calculate the remainder when 59255 is divided by 427.
329
What is the remainder when 403453 is divided by 20?
13
Calculate the remainder when 43173 is divided by 1234.
1217
What is the remainder when 5994 is divided by 58?
20
Calculate the remainder when 247 is divided by 17.
9
Calculate the remainder when 21925 is divided by 873.
100
Calculate the remainder when 34770 is divided by 164.
2
What is the remainder when 27958 is divided by 13974?
10
What is the remainder when 434026 is divided by 22?
10
Calculate the remainder when 1725 is divided by 379.
209
What is the remainder when 11871 is divided by 30?
21
What is the remainder when 4579 is divided by 135?
124
What is the remainder when 22297 is divided by 132?
1